. What is k(o)?
2
Let o(z) = z**2 + 3*z - 1. Suppose 17 = -i - 36*c + 39*c, 5*i = -3*c - 13. Calculate o(i).
9
Let c be (1/(-3))/(2/(-6)). Let i(t) = 5*t. Let g(x) = -5*x. Suppose 2*m = -7*m - 27. Let d(b) = m*i(b) - 2*g(b). Calculate d(c).
-5
Let a(b) = -b - 1. Let y(l) = 4*l + 2. Let s(o) = 7*a(o) + 2*y(o). Suppose -2*k = 3*k. Suppose k*r = -r. Give s(r).
-3
Let u(t) = -t**2 - 6. Let w(m) = 3*m**2 + m + 13. Let n(j) = -5*u(j) - 2*w(j). Let i = -35 - -67. Let l = i - 29. Give n(l).
-11
Let r(y) = 1. Let x(d) = d + 4. Let o(w) = 6*r(w) - x(w). Suppose 4*m - 7*m = 60. Let k = -18 - m. Determine o(k).
0
Let y(x) be the third derivative of x**4/6 - 2*x**3/3 + 2*x**2 - 15*x. Give y(4).
12
Let x = 34 + -31. Let j(c) = c - 19 + 0*c**3 - 17 + c**x + 24. What is j(0)?
-12
Let l(a) = a**2 - 11*a + 10. Suppose -101 + 53 = -4*q. Give l(q).
22
Let o(a) be the first derivative of 1/120*a**5 + 0*a**2 - 2 + 1/24*a**4 + 0*a - 8/3*a**3. Let j(x) be the third derivative of o(x). Give j(-3).
-2
Let v(y) = -y + 5. Suppose -16 = f + 4*h, -3*h = 2*f - 6*f + 31. Let q be (-272)/85 - f/5. What is v(q)?
9
Let c = -1 - 0. Let o be (c - -4) + 5/(-1). Let w be (-3)/((-6)/5)*o. Let j(l) = -l**2 - 6*l - 5. Give j(w).
0
Let z(x) = -113*x + 3. Let c be z(0). Let u(f) = -3*f + 17. Give u(c).
8
Let d(w) be the third derivative of 0*w**4 + 0 + 1/30*w**6 + 0*w**3 + 1/60*w**5 + 0*w - 9*w**2. Give d(-1).
-3
Let k(r) = -5*r + 1. Let i(p) = -p**2 + 9*p + 11. Let s(c) = 9*c**2 + 2*c - 1. Let w be s(1). Let h be i(w). Suppose -h + 5 = -4*v. What is k(v)?
6
Let n(i) = -10*i + 2. Let x(z) = -7*z + 2. Let u(l) = -2*n(l) + 3*x(l). What is u(-4)?
6
Let g(m) = -82 - 2*m + 6*m**2 - m**3 + 84 + 2*m**3. What is g(-6)?
14
Let d(a) = -12*a - 17. Let l be d(-2). Let g(i) = -i**3 + 6*i**2 + 7*i - 6. Calculate g(l).
-6
Let w(v) be the third derivative of -v**5/60 - 5*v**4/24 + 7*v**3/6 + v**2. Let u be 8/(-28) + (-20)/28 + 2. Let n be (-6*2)/2 + 1 - u. Determine w(n).
1
Let y(a) = a**3 - 3*a**2 + a + 6. Let n(t) = -t**3 - t**2 + 2. Let x(k) = 3*n(k) - y(k). Suppose 0 = 5*w + 4 + 1. Determine x(w).
5
Suppose -y = 4*k - 24, 3*k + y - 34 + 15 = 0. Let j(z) be the second derivative of -z + 0 - 11/20*z**k + 1/6*z**4 - 1/2*z**2 + 0*z**3. Give j(1).
-10
Let g(m) = -2*m + 24. Let n(v) = -v**2 - 4*v + 23. Let a be n(-6). Give g(a).
2
Let n(x) = x**3 + x**2 - 4*x - 2. Let t(l) = 2*l - 6. Let f be t(10). Let d = f - 17. Let r = d + 0. Determine n(r).
-8
Let c(z) = z**3 + 5*z**2 - 7*z - 9. Suppose -6*x + 69 = -3*x. Let w = -5 + x. Suppose 3*f + w = -0. Calculate c(f).
-3
Let b(j) = 3*j**3 + 0*j**3 - 5*j - 2*j**3 - 2 + 4*j**2. Suppose -4*t - 25 = -5. Calculate b(t).
-2
Suppose 0 = 2*f + 2*y + 2, -2*f - 3*y - 4 - 2 = 0. Suppose 0 = f*d - 2*d. Let s(a) = 0*a + 7 + a**2 + a + 5 + 2*a**3 - 3*a**3 - 1. What is s(d)?
11
Suppose -5*k = -5, -5*x - k = -0*k - 26. Suppose 4*r - 3 + 11 = 4*m, x*r + 19 = -4*m. Let v(o) = -106 + 47 + 60 + 5*o. Give v(m).
-4
Let f be (13/2 - 2) + (-3)/2. Let k(v) = v**3 + 10*v + 0 + 1 - f*v + 8*v**2 + 6. Suppose 4*d - 8 = -36. Give k(d).
7
Let r(b) = b**3 - b**2 - 3*b. Suppose 49 = -90*s + 409. Calculate r(s).
36
Suppose -2*b + 3*b = 4, 0 = -4*v + b + 32. Let u = -2 + v. Let m(a) be the third derivative of -a**4/24 + 4*a**3/3 + 8*a**2. Give m(u).
1
Let r(o) = -6*o + 7*o - 2*o**2 - 3*o + 0*o - 5*o. Give r(-4).
-4
Let y = 32 + -27. Let f(d) be the first derivative of -d**5/20 + d**4/2 - 5*d**3/6 + 2*d**2 + 4*d + 1. Let c(q) be the first derivative of f(q). Give c(y).
4
Let f = -1 - 5. Let l(q) = 3*q**2 + 2*q + 1. Let i be l(-1). Let k(j) = -j**3 + 9 - 3 + 5*j**i - 11*j**2 + 0. Give k(f).
6
Let d be 12*(6/(-9) + 1). Let w(o) = o**2 - 6*o + 3. Determine w(d).
-5
Let z(o) = -2*o**2 + 6*o - 4. Let v(b) = b**2 - 3*b - 9. Let i be v(-5). Let a = 23 - i. Let p be a/(3/((-9)/6)). Calculate z(p).
-12
Suppose w + 5 = -2. Let q be (-1)/7 + 13/w. Let a be 3 + -2*q/(-1). Let r(h) = 5*h**3 - 2*h - 1. What is r(a)?
-4
Suppose 0 = -3*n + a + 1, n - 2*a = -3*n + 2. Let k be (4/(-8) + n)*(-4)/(-1). Let g(t) = -t**3 - 3*t**2 + 2*t + 3. Give g(k).
-5
Let h(f) = f**3 + 4*f**2 - 5*f - 6. Let i(c) = c**3 - 6*c**2 + 3*c - 4. Let j be i(7). Let y = 30 - 16. Let t be (-2)/7 - j/y. Calculate h(t).
-6
Suppose 0 = 3*a - j + 3*j - 17, -17 = -a + 5*j. Let o(t) be the second derivative of t**3/6 - 2*t. What is o(a)?
7
Let l(w) be the third derivative of w**5/60 + 3*w**4/8 + 4*w**2 - 2*w. Give l(-10).
10
Let p(q) = 3*q - 1. Let k = 44 - 42. Let t be (-6 + 6/3)/(k - 1). Give p(t).
-13
Let a(h) = -3*h + 3. Suppose -2*r + 6*r = 0. Let y be (r - 3)*(-8)/(-6). Let s(c) = -8*c + 8. Let q(x) = y*s(x) + 11*a(x). Give q(-4).
5
Let x(o) = o**3 + 4*o**2 + 5*o + 6. Suppose -39*q + 50*q + 55 = 0. What is x(q)?
-44
Let d(j) be the first derivative of j**4/12 - j**3/2 - 29*j**2/2 + 1. Let f(c) be the second derivative of d(c). What is f(-3)?
-9
Let h(w) = -7*w - w**2 + 9 - 2*w + 4*w. Give h(-8).
-15
Let d(s) = -s**2 - 15*s - 26. Let k be d(-12). Let r(i) = -i**2 + 10*i - 10. Determine r(k).
-10
Let r(c) = -5*c**2 + c - 6. Let d(p) = 11*p**2 - 2*p + 13. Let f(b) = 4*d(b) + 9*r(b). Give f(-3).
-14
Let d = -104 + 108. Let v(t) be the third derivative of -1/24*t**4 + 0 + d*t**2 + 1/120*t**6 + 0*t - t**3 - 1/60*t**5. What is v(0)?
-6
Suppose 6 = -3*f + 12, 4*g - 2*f + 4 = 0. Let z(t) = t**3 - t**2 + t - 36. Give z(g).
-36
Let r(l) = -l**3 - 5*l**2 - 3*l + 5. Let c(x) = -2*x + 4. Let k = 2 + -4. Let v be (k/4)/(2/(-16)). Let u be c(v). Calculate r(u).
1
Let z(b) = 5*b - 19. Let k(u) = 3*u - 8. Let a(y) = -5*k(y) + 2*z(y). What is a(3)?
-13
Let w(p) = 5*p + 1. Let c(v) = 10*v + 1. Let m(f) = -3*c(f) + 5*w(f). Calculate m(3).
-13
Let a(x) = 15*x**3. Suppose 0 = 2*j + n - 12, j = -j + 2*n + 6. Let i(u) = 2*u**2 - 10*u - 1. Let z be i(j). What is a(z)?
-15
Let i(l) be the first derivative of 2*l**3/3 - 3*l**2 + 2*l + 74. Let w = 10 - 6. Give i(w).
10
Let w = 102 - 101. Let k(f) = 4*f**2 - 2*f + 7*f + f**2 + 3*f**2 + f**3 - w. What is k(-7)?
13
Let w(i) = -i**3 + 4*i**2 - 8. Let z be (-16 + 17)*(-6)/(-2). Determine w(z).
1
Let o(r) = -r**3 + 10*r**2 - 2*r - 14. Suppose -20 = 5*w - 7*w. Let i be o(w). Let z = 35 + i. Let y(n) = 4*n**3 - n. Calculate y(z).
3
Let h(w) be the third derivative of -w**5/60 - w**3/3 - 11*w**2 + 10*w. Let m be (-3)/2*(-1 + -1). What is h(m)?
-11
Let i = -16 - -28. Let c be 0/i*(1 + 0). Suppose c = 2*h + 3*h + 30. Let s(x) = -x**3 - 5*x**2 + 6*x + 1. Give s(h).
1
Let l be (-9)/(-20) + (-28)/140. Let g(r) be the first derivative of 2*r**3 + 5*r + 3*r**2 + l*r**4 - 3. What is g(-4)?
13
Let d(t) = -2*t - 5*t + 4*t. Let l = 28 - 19. Suppose -i + l*r - 3 = 4*r, 0 = 5*r. What is d(i)?
9
Let r be 4/5*5/2. Let w(h) = 3 - 8*h**2 + 2*h**r + 8*h - 9 + h**3. Suppose 0 = -5*f - s - 8 + 32, -5*s = -4*f + 25. Calculate w(f).
9
Let n(j) = 4*j + 3. Let h be ((-18)/42 - 155/(-35)) + -6. What is n(h)?
-5
Let d = 8 + -6. Let v be 2 - (5 - 4 - 2). Let p(u) = -3 + 0*u + d - v*u + 4*u. Determine p(-3).
-4
Suppose -3*h + 4*b - 12 = 0, 29*b - 26*b - 9 = 0. Let t(w) = w**2 + w - 8. What is t(h)?
-8
Let c(q) = -q + 5. Suppose -2*u + 1 = 11. Let d be -1*(-2 - -3) - u. Calculate c(d).
1
Let t = -56 + 103. Suppose 12 = 5*j + t. Let g(i) = -2*i - 10. Calculate g(j).
4
Let m(z) be the second derivative of z**4/12 + z**3 - z**2 + 2*z. Suppose 4*u = 466 - 490. Give m(u).
-2
Let w(x) be the first derivative of x**6/120 + x**5/12 - 2*x**3/3 - 7*x**2 + 3. Let b(a) be the second derivative of w(a). Calculate b(-5).
-4
Let a(j) be the second derivative of 5/12*j**4 + 11*j + 3*j**2 + 1/3*j**3 + 1/20*j**5 + 0. What is a(-5)?
-4
Let h(i) be the first derivative of i**6/90 - i**4/24 - 13*i**3/3 - 28. Let n(b) be the third derivative of h(b). Calculate n(2).
15
Let s(z) = -9*z**3 + 9*z**2 - 2*z + 2. Let n(o) = o**2 + 8*o + 8. Let m be n(-5). Let c(j) = 4*j**3 - 4*j**2 + j - 1. Let i(y) = m*c(y) - 3*s(y). What is i(1)?
0
Let d(j) = 9*j - 7. Let t(p) = 9*p - 7. Let b(l) = 5*d(l) - 6*t(l). Let a(n) = -14*n + 11. Let r(f) = 5*a(f) - 8*b(f). Let v = 10 + -14. Give r(v).
-9
Let b(f) = 3*f**2 - f + 5. Let a(n) = -3*n**2 + 11*n - 9. Let m(c) = c**2 - 4*c + 3. Let d(j) = 4*a(j) + 11*m(j). Let s(r) = -2*b(r) - 5*d(r). What is s(4)?
-3
Let y(c) = c**3 + 3*c**2 - 10*c - 1. Let